{"id":102287,"date":"2022-04-05T10:53:32","date_gmt":"2022-04-05T08:53:32","guid":{"rendered":"https:\/\/my.sportler.com\/?page_id=102287"},"modified":"2022-04-06T14:17:30","modified_gmt":"2022-04-06T12:17:30","slug":"sportler-team-informative","status":"publish","type":"page","link":"https:\/\/my.sportler.com\/it\/sportler-team-informative\/","title":{"rendered":"SPORTLER TEAM &#8211; INFORMATIVA PRIVACY"},"content":{"rendered":"<div class=\"fusion-fullwidth fullwidth-box fusion-builder-row-1 fusion-flex-container nonhundred-percent-fullwidth non-hundred-percent-height-scrolling\" style=\"background-color: rgba(255,255,255,0);background-position: center center;background-repeat: no-repeat;border-width: 0px 0px 0px 0px;border-color:#eae9e9;border-style:solid;\" ><div class=\"fusion-builder-row fusion-row fusion-flex-align-items-flex-start\" style=\"max-width:1216.8px;margin-left: calc(-4% \/ 2 );margin-right: calc(-4% \/ 2 );\"><div class=\"fusion-layout-column fusion_builder_column fusion-builder-column-0 fusion_builder_column_1_1 1_1 fusion-flex-column\"><div class=\"fusion-column-wrapper fusion-flex-justify-content-flex-start fusion-content-layout-column\" style=\"background-position:left top;background-repeat:no-repeat;-webkit-background-size:cover;-moz-background-size:cover;-o-background-size:cover;background-size:cover;padding: 0px 0px 0px 0px;\"><div class=\"fusion-text fusion-text-1\"><h1><strong>INFORMATIVA IN MERITO AL TRATTAMENTO DEI DATI PERSONALI<\/strong><\/h1>\n<p>Ai sensi degli art. 13 e 14 del Regolamento UE 2016\/679 (\u201cGDPR\u201d o \u201cRegolamento\u201d), ed in generale in osservanza del principio di trasparenza previsto dal Regolamento medesimo, l\u2019associazione sportiva dilettantistica denominata<strong> \u201cSportler Team\u201d<\/strong> fornisce le seguenti informazioni in merito al trattamento dei dati personali in relazione alla partecipazione all\u2019associazione sportiva (\u201c<strong>Sportler Team o Associazione<\/strong>\u201d).<\/p>\n<p><strong>TITOLARE DEL TRATTAMENTO <\/strong>Il titolare del trattamento (cio\u00e8 il soggetto che determina le finalit\u00e0 e i mezzi del trattamento di dati personali, \u201cTitolare del Trattamento\u201d o \u201cTitolare\u201d) \u00e8 l\u2019associazione sportiva \u201cSportler Team\u201d, con sede a Bolzano, via Resia 31\/4, e- mail: <a href=\"mailto:team.running@sportler.com\">team.running@sportler.com<\/a><u>, <\/u><a href=\"mailto:team.bike@sportler.com\">team.bike@sportler.com<\/a><u>.<\/u><\/p>\n<p><strong>FINALIT\u00c0 DEL TRATTAMENTO<\/strong> Il trattamento dei Suoi dati personali potr\u00e0 avere le seguenti finalit\u00e0:<\/p>\n<ul>\n<li>Finalit\u00e0 precontrattuali, contrattuali, amministrative (compresi la gestione dell\u2019iscrizione e della tessera associativa) relative alla Sua partecipazione all\u2019Associazione (finalit\u00e0 di adesione all\u2019 associazione);<\/li>\n<li>marketing attraverso l\u2019utilizzo dell\u2019indirizzo di posta elettronica-newsletter mirata;<\/li>\n<li>documentazione della partecipazione all\u2019 Associazione attraverso immagini.<\/li>\n<\/ul>\n<p><strong>MODALIT\u00c0 DI RACCOLTA E TIPOLOGIA DEI DATI TRATTATI <\/strong>I dati personali sono raccolti presso l\u2019interessato e possono essere oggetto di trattamento le seguenti categorie di dati:<\/p>\n<ul>\n<li>cognome, nome e data luogo di nascita, residenza o domicilio, e-mail, numero di cellulare, C.F., fototessera e certificato medico sportivo;<\/li>\n<li>la Sua immagine, ritratto video e audio, ripreso nello svolgimento della partecipazione all\u2019Associazione (a seguito di Sua liberatoria all\u2019utilizzo del diritto di immagine).<\/li>\n<\/ul>\n<p><strong>BASE GIURIDICA DEL TRATTAMENTO ED OBBLIGATORIET\u00c0 DEL CONFERIMENTO <\/strong>non sussiste un obbligo di conferimento dei dati, ma se essi non verranno conferiti non sar\u00e0 possibile la Sua adesione all\u2019Associazione. I dati il cui conferimento \u00e8 necessario alla adesione all\u2019Associazione sono quelli identificati nel modulo di iscrizione. La base giuridica del relativo trattamento dei dati personali \u00e8 la necessit\u00e0 di dare esecuzione al contratto con Lei in essere (Associazione).<\/p>\n<p>Il trattamento dei dati particolari (certificato medico sportivo) avverr\u00e0 in virt\u00f9 del consenso, cos\u00ec come le attivit\u00e0 di marketing.<\/p>\n<p>Le immagini e le riprese video\/audio verranno effettuate in quanto Lei avr\u00e0 prestato il consenso alla posa, alle riprese e all\u2019utilizzo delle immagini e audio, ed un Suo rifiuto di tali riprese &#8211; soprattutto se senza preavviso che comunque consenta una riorganizzazione dell\u2019attivit\u00e0 &#8211; potrebbe comportare una Sua violazione di tale accordo. La base giuridica del trattamento dei Suoi dati personali \u00e8 che tale trattamento \u00e8 necessario all\u2019esecuzione dell\u2019accordo con cui Lei ha appunto prestato il consenso alle riprese ed all\u2019utilizzo delle immagini e audio\/video. Si precisa che in questo caso il consenso si riferisce alla dichiarazione di cui alla Dichiarazione liberatoria di cessione dei diritti di immagine e non al trattamento dei dati personali (che appunto costituisce necessaria esecuzione di tale atto), e pertanto non trova applicazione il diritto di revoca del consenso di cui al successivo punto.<\/p>\n<p><strong>MODALIT\u00c0 DI TRATTAMENTO E DURATA DEL TRATTAMENTO <\/strong>Il trattamento sar\u00e0 effettuato:<\/p>\n<ul>\n<li>mediante l\u2019utilizzo di sistemi manuali e automatizzati;<\/li>\n<li>da soggetti autorizzati all\u2019assolvimento di tali compiti, ai sensi di legge;<\/li>\n<li>con l\u2019impiego di misure adeguate a garantire la riservatezza dei dati ed evitare l\u2019accesso agli stessi da parte di terzi non autorizzati.<\/li>\n<\/ul>\n<p>Per quanto riguarda la finalit\u00e0 1 (adesione all\u2019 Associazione), i Suoi dati saranno conservati per tutta la durata del rapporto contrattuale, e, dopo la cessazione del rapporto \u2013limitatamente ai dati a quel punto necessari\u2013 per l\u2019estinzione delle obbligazioni contrattualmente assunte e per l\u2019espletamento di tutti gli eventuali adempimenti di legge e per le esigenze di tutela anche contrattuale connessi o da esso derivanti. Il trattamento dei Suoi dati personali (riprese) sar\u00e0 posto in essere per la durata di diffusione della foto e\/o delle riprese audio\/video.<\/p>\n<p>Non sussistono processi decisionali automatizzati.<\/p>\n<p><strong>COMUNICAZIONE DEI DATI <\/strong>Ferme restando le comunicazioni eseguite in adempimento di obblighi di legge e contrattuali, tutti i dati raccolti ed elaborati potranno essere comunicati, esclusivamente per le finalit\u00e0 sopra specificate, a:<\/p>\n<p>a) tutti i soggetti cui la facolt\u00e0 di accesso a tali dati \u00e8 riconosciuta in forza di provvedimenti normativi;<\/p>\n<p>b) soggetti incaricati dell\u2019organizzazione dell\u2019Associazione: dipendenti, collaboratori, fornitori del Titolare, nell\u2019ambito delle relative mansioni e\/o obblighi contrattuali relativi all\u2019esecuzione del rapporto contrattuale con gli interessati.<\/p>\n<p>c) SPORTLER S.p.a., come responsabile esterno del trattamento, per la gestione dell\u2019iscrizione e dell\u2019applicazione informatica.<\/p>\n<p><strong>LUOGO DI TRATTAMENTO DEI DATI <\/strong>Lo svolgimento dell\u2019attivit\u00e0 avviene sul territorio dell\u2019Unione Europea. Non vi \u00e8 intenzione di trasferire i dati al di fuori del territorio dell\u2019Unione Europea o ad un\u2019Organizzazione internazionale.<\/p>\n<p><strong>DIRITTI DELL\u2019INTERESSATO <\/strong>La normativa attribuisce all\u2019Interessato una serie di diritti tra cui quello di chiedere al Titolare del trattamento l\u2019accesso ai dati personali e la rettifica o di cancellazione degli stessi o la limitazione del trattamento che lo riguardano o di opporsi al loro trattamento, e quello alla portabilit\u00e0 dei dati personali; l\u2019Interessato, inoltre, pu\u00f2 revocare il consenso in qualsiasi momento, senza pregiudicare la liceit\u00e0 del trattamento basata sul consenso prestato prima della revoca. Per l\u2019esercizio di tali diritti l\u2019Interessato potr\u00e0 rivolgersi ai recapiti di cui al precedente punto 1. L\u2019Interessato ha il diritto di proporre reclamo all\u2019Autorit\u00e0 di controllo (in Italia: Garante per la protezione dei dati personali).<\/p>\n<p>La presente informativa in merito al trattamento dei dati personali \u00e8 aggiornata a marzo 2022.<\/p>\n<\/div><\/div><style type=\"text\/css\">.fusion-body .fusion-builder-column-0{width:100% !important;margin-top : 0px;margin-bottom : 20px;}.fusion-builder-column-0 > .fusion-column-wrapper {padding-top : 0px !important;padding-right : 0px !important;margin-right : 1.92%;padding-bottom : 0px !important;padding-left : 0px !important;margin-left : 1.92%;}@media only screen and (max-width:1024px) {.fusion-body .fusion-builder-column-0{width:100% !important;order : 0;}.fusion-builder-column-0 > .fusion-column-wrapper {margin-right : 1.92%;margin-left : 1.92%;}}@media only screen and (max-width:640px) {.fusion-body .fusion-builder-column-0{width:100% !important;order : 0;}.fusion-builder-column-0 > .fusion-column-wrapper {margin-right : 1.92%;margin-left : 1.92%;}}<\/style><\/div><\/div><style type=\"text\/css\">.fusion-body .fusion-flex-container.fusion-builder-row-1{ padding-top : 0px;margin-top : 0px;padding-right : 0px;padding-bottom : 0px;margin-bottom : 0px;padding-left : 0px;}<\/style><\/div>\n","protected":false},"excerpt":{"rendered":"","protected":false},"author":79,"featured_media":0,"parent":0,"menu_order":0,"comment_status":"closed","ping_status":"closed","template":"","meta":{"footnotes":""},"class_list":["post-102287","page","type-page","status-publish","hentry"],"jetpack_sharing_enabled":true,"_links":{"self":[{"href":"https:\/\/my.sportler.com\/it\/wp-json\/wp\/v2\/pages\/102287","targetHints":{"allow":["GET"]}}],"collection":[{"href":"https:\/\/my.sportler.com\/it\/wp-json\/wp\/v2\/pages"}],"about":[{"href":"https:\/\/my.sportler.com\/it\/wp-json\/wp\/v2\/types\/page"}],"author":[{"embeddable":true,"href":"https:\/\/my.sportler.com\/it\/wp-json\/wp\/v2\/users\/79"}],"replies":[{"embeddable":true,"href":"https:\/\/my.sportler.com\/it\/wp-json\/wp\/v2\/comments?post=102287"}],"version-history":[{"count":12,"href":"https:\/\/my.sportler.com\/it\/wp-json\/wp\/v2\/pages\/102287\/revisions"}],"predecessor-version":[{"id":102308,"href":"https:\/\/my.sportler.com\/it\/wp-json\/wp\/v2\/pages\/102287\/revisions\/102308"}],"wp:attachment":[{"href":"https:\/\/my.sportler.com\/it\/wp-json\/wp\/v2\/media?parent=102287"}],"curies":[{"name":"wp","href":"https:\/\/api.w.org\/{rel}","templated":true}]}}

<div class="fusion-fullwidth fullwidth-box fusion-builder-row-1 fusion-flex-container nonhundred-percent-fullwidth non-hundred-percent-height-scrolling" style="background-color: rgba(255,255,255,0);background-position: center center;background-repeat: no-repeat;border-width: 0px 0px 0px 0px;border-color:#eae9e9;border-style:solid;" ><div class="fusion-builder-row fusion-row fusion-flex-align-items-flex-start" style="max-width:1216.8px;margin-left: calc(-4% / 2 );margin-right: calc(-4% / 2 );"><div class="fusion-layout-column fusion_builder_column fusion-builder-column-0 fusion_builder_column_1_1 1_1 fusion-flex-column"><div class="fusion-column-wrapper fusion-flex-justify-content-flex-start fusion-content-layout-column" style="background-position:left top;background-repeat:no-repeat;-webkit-background-size:cover;-moz-background-size:cover;-o-background-size:cover;background-size:cover;padding: 0px 0px 0px 0px;"><div class="fusion-text fusion-text-1"><h1><strong>INFORMATIVA IN MERITO AL TRATTAMENTO DEI DATI PERSONALI</strong></h1>
<p>Ai sensi degli art. 13 e 14 del Regolamento UE 2016/679 (“GDPR” o “Regolamento”), ed in generale in osservanza del principio di trasparenza previsto dal Regolamento medesimo, l’associazione sportiva dilettantistica denominata<strong> “Sportler Team”</strong> fornisce le seguenti informazioni in merito al trattamento dei dati personali in relazione alla partecipazione all’associazione sportiva (“<strong>Sportler Team o Associazione</strong>”).</p>
<p><strong>TITOLARE DEL TRATTAMENTO </strong>Il titolare del trattamento (cioè il soggetto che determina le finalità e i mezzi del trattamento di dati personali, “Titolare del Trattamento” o “Titolare”) è l’associazione sportiva “Sportler Team”, con sede a Bolzano, via Resia 31/4, e- mail: <a href="mailto:team.running@sportler.com">team.running@sportler.com</a><u>, </u><a href="mailto:team.bike@sportler.com">team.bike@sportler.com</a><u>.</u></p>
<p><strong>FINALITÀ DEL TRATTAMENTO</strong> Il trattamento dei Suoi dati personali potrà avere le seguenti finalità:</p>
<ul>
<li>Finalità precontrattuali, contrattuali, amministrative (compresi la gestione dell’iscrizione e della tessera associativa) relative alla Sua partecipazione all’Associazione (finalità di adesione all’ associazione);</li>
<li>marketing attraverso l’utilizzo dell’indirizzo di posta elettronica-newsletter mirata;</li>
<li>documentazione della partecipazione all’ Associazione attraverso immagini.</li>
</ul>
<p><strong>MODALITÀ DI RACCOLTA E TIPOLOGIA DEI DATI TRATTATI </strong>I dati personali sono raccolti presso l’interessato e possono essere oggetto di trattamento le seguenti categorie di dati:</p>
<ul>
<li>cognome, nome e data luogo di nascita, residenza o domicilio, e-mail, numero di cellulare, C.F., fototessera e certificato medico sportivo;</li>
<li>la Sua immagine, ritratto video e audio, ripreso nello svolgimento della partecipazione all’Associazione (a seguito di Sua liberatoria all’utilizzo del diritto di immagine).</li>
</ul>
<p><strong>BASE GIURIDICA DEL TRATTAMENTO ED OBBLIGATORIETÀ DEL CONFERIMENTO </strong>non sussiste un obbligo di conferimento dei dati, ma se essi non verranno conferiti non sarà possibile la Sua adesione all’Associazione. I dati il cui conferimento è necessario alla adesione all’Associazione sono quelli identificati nel modulo di iscrizione. La base giuridica del relativo trattamento dei dati personali è la necessità di dare esecuzione al contratto con Lei in essere (Associazione).</p>
<p>Il trattamento dei dati particolari (certificato medico sportivo) avverrà in virtù del consenso, così come le attività di marketing.</p>
<p>Le immagini e le riprese video/audio verranno effettuate in quanto Lei avrà prestato il consenso alla posa, alle riprese e all’utilizzo delle immagini e audio, ed un Suo rifiuto di tali riprese &#8211; soprattutto se senza preavviso che comunque consenta una riorganizzazione dell’attività &#8211; potrebbe comportare una Sua violazione di tale accordo. La base giuridica del trattamento dei Suoi dati personali è che tale trattamento è necessario all’esecuzione dell’accordo con cui Lei ha appunto prestato il consenso alle riprese ed all’utilizzo delle immagini e audio/video. Si precisa che in questo caso il consenso si riferisce alla dichiarazione di cui alla Dichiarazione liberatoria di cessione dei diritti di immagine e non al trattamento dei dati personali (che appunto costituisce necessaria esecuzione di tale atto), e pertanto non trova applicazione il diritto di revoca del consenso di cui al successivo punto.</p>
<p><strong>MODALITÀ DI TRATTAMENTO E DURATA DEL TRATTAMENTO </strong>Il trattamento sarà effettuato:</p>
<ul>
<li>mediante l’utilizzo di sistemi manuali e automatizzati;</li>
<li>da soggetti autorizzati all’assolvimento di tali compiti, ai sensi di legge;</li>
<li>con l’impiego di misure adeguate a garantire la riservatezza dei dati ed evitare l’accesso agli stessi da parte di terzi non autorizzati.</li>
</ul>
<p>Per quanto riguarda la finalità 1 (adesione all’ Associazione), i Suoi dati saranno conservati per tutta la durata del rapporto contrattuale, e, dopo la cessazione del rapporto –limitatamente ai dati a quel punto necessari– per l’estinzione delle obbligazioni contrattualmente assunte e per l’espletamento di tutti gli eventuali adempimenti di legge e per le esigenze di tutela anche contrattuale connessi o da esso derivanti. Il trattamento dei Suoi dati personali (riprese) sarà posto in essere per la durata di diffusione della foto e/o delle riprese audio/video.</p>
<p>Non sussistono processi decisionali automatizzati.</p>
<p><strong>COMUNICAZIONE DEI DATI </strong>Ferme restando le comunicazioni eseguite in adempimento di obblighi di legge e contrattuali, tutti i dati raccolti ed elaborati potranno essere comunicati, esclusivamente per le finalità sopra specificate, a:</p>
<p>a) tutti i soggetti cui la facoltà di accesso a tali dati è riconosciuta in forza di provvedimenti normativi;</p>
<p>b) soggetti incaricati dell’organizzazione dell’Associazione: dipendenti, collaboratori, fornitori del Titolare, nell’ambito delle relative mansioni e/o obblighi contrattuali relativi all’esecuzione del rapporto contrattuale con gli interessati.</p>
<p>c) SPORTLER S.p.a., come responsabile esterno del trattamento, per la gestione dell’iscrizione e dell’applicazione informatica.</p>
<p><strong>LUOGO DI TRATTAMENTO DEI DATI </strong>Lo svolgimento dell’attività avviene sul territorio dell’Unione Europea. Non vi è intenzione di trasferire i dati al di fuori del territorio dell’Unione Europea o ad un’Organizzazione internazionale.</p>
<p><strong>DIRITTI DELL’INTERESSATO </strong>La normativa attribuisce all’Interessato una serie di diritti tra cui quello di chiedere al Titolare del trattamento l’accesso ai dati personali e la rettifica o di cancellazione degli stessi o la limitazione del trattamento che lo riguardano o di opporsi al loro trattamento, e quello alla portabilità dei dati personali; l’Interessato, inoltre, può revocare il consenso in qualsiasi momento, senza pregiudicare la liceità del trattamento basata sul consenso prestato prima della revoca. Per l’esercizio di tali diritti l’Interessato potrà rivolgersi ai recapiti di cui al precedente punto 1. L’Interessato ha il diritto di proporre reclamo all’Autorità di controllo (in Italia: Garante per la protezione dei dati personali).</p>
<p>La presente informativa in merito al trattamento dei dati personali è aggiornata a marzo 2022.</p>
</div></div><style type="text/css">.fusion-body .fusion-builder-column-0{width:100% !important;margin-top : 0px;margin-bottom : 20px;}.fusion-builder-column-0 > .fusion-column-wrapper {padding-top : 0px !important;padding-right : 0px !important;margin-right : 1.92%;padding-bottom : 0px !important;padding-left : 0px !important;margin-left : 1.92%;}@media only screen and (max-width:1024px) {.fusion-body .fusion-builder-column-0{width:100% !important;order : 0;}.fusion-builder-column-0 > .fusion-column-wrapper {margin-right : 1.92%;margin-left : 1.92%;}}@media only screen and (max-width:640px) {.fusion-body .fusion-builder-column-0{width:100% !important;order : 0;}.fusion-builder-column-0 > .fusion-column-wrapper {margin-right : 1.92%;margin-left : 1.92%;}}</style></div></div><style type="text/css">.fusion-body .fusion-flex-container.fusion-builder-row-1{ padding-top : 0px;margin-top : 0px;padding-right : 0px;padding-bottom : 0px;margin-bottom : 0px;padding-left : 0px;}</style></div>
